4 - 0 - -7) is divided by 92?
91
What is the remainder when 596 is divided by 4/34 - (23195/(-85) + -16)?
18
Let u(f) = f**2 + 14*f + 60. Let n = 404 - 415. Calculate the remainder when u(n) is divided by 18.
9
Suppose -4*d = -4*m + 916, 335 = 3*d + 4*m + 1057. Let b = 256 + d. Calculate the remainder when 55 is divided by b.
11
Let l(o) = 26*o - 687. What is the remainder when l(32) is divided by 10?
5
Suppose 11*p + 24*p = 63*p - 7560. Let z(b) = -b + 24. Calculate the remainder when p is divided by z(7).
15
Suppose 0 = 20*l + 3 + 17. Let j(u) = -46*u**3 - 2*u**2 + 1. Calculate the remainder when j(l) is divided by 1 + -3 + (11 - 2).
3
Let h(i) = -i**3 + 7*i**2 + 2*i - 4. Let d(b) = -b**2 - 504*b + 2055. Calculate the remainder when h(5) is divided by d(4).
10
Let m(a) = 7 - a**2 + 0*a**2 + 12*a**2 - 2*a**3 - 2*a. Let g be m(5). Calculate the remainder when (-396)/(-10)*55/g is divided by 20.
19
What is the remainder when (-145)/(((-36)/(-30) + -1)/((-6)/5)) is divided by 261?
87
Let n = 61 - 43. Suppose -2*q - n + 56 = 0. What is the remainder when 28 is divided by q?
9
Let b = -77 + 156. Suppose 4*k + m = 523, -4*k + m + 69 + 456 = 0. Let y = k - b. What is the remainder when y is divided by 9?
7
Let a = 5 + 5. Suppose -1152*r - 275*r - 1152*r = -520*r - 8236. Calculate the remainder when (10/4)/(1/a) is divided by r.
1
Let c(p) = 10*p + 26. Calculate the remainder when c(14) is divided by 14*(3/(-7))/(30/(-210)).
40
Let g = -6139 + 6865. What is the remainder when g is divided by 167?
58
What is the remainder when (-4389)/(-28) - 2/(-6)*30/40 is divided by 6?
1
Let v = 4368 - 3694. Calculate the remainder when v is divided by 20.
14
What is the remainder when 489 is divided by 9/4*(-9200)/(-690)?
9
Suppose m - 610 = -3*p, -4*m + 277 = 285. Calculate the remainder when 23051 is divided by p.
203
Let x(t) = 2*t + 38. Let r be x(-11). Suppose -r*h = -179 - 253. Let g = -115 - -166. What is the remainder when g is divided by h?
24
Let b be (-84)/12*(-8)/28. Calculate the remainder when (-2)/((12/1278)/(b/(-6))) is divided by 8.
7
Let c = 405 + -392. Suppose w - 165 = 5*b - 1111, 3*b = 4*w + 554. Suppose 5*n - 5 = 0, -h = 4*h + 5*n - b. What is the remainder when h is divided by c?
11
Let p(n) = 2*n**2 - 43*n - 138. Calculate the remainder when (-88)/(-6)*(-15)/(-10) is divided by p(-3).
4
Suppose -3*n = -2*t + 41 + 56, 52 = t - 2*n. What is the remainder when 257 is divided by t?
29
Let a(j) = -5*j**2 - 129 + 32*j + 11*j**2 - j**2 - 4*j**2. Suppose -4*h + 9 = -h. Calculate the remainder when a(-36) is divided by h.
0
Suppose 5*p - 123 = 352. Let h = 14 - 12. Calculate the remainder when p is divided by h + -1 + (-60)/(-4).
15
Let o = 455 - 284. What is the remainder when 368 is divided by 1044/o + 0 + (-8)/76?
2
Suppose 12*o - 7*o = 10. Suppose 5*k - 189 = 336. Calculate the remainder when k is divided by (17 + 1)/(6 + o + -6).
6
Let z(p) be the second derivative of 8*p**4/3 - p**3/6 + p**2/2 - 6*p. What is the remainder when z(-2) is divided by 4?
3
Suppose -17*n = 2331 + 525. Let l = 172 + n. What is the remainder when 26 is divided by l?
2
Suppose 0 = 29*g + 2*g - 341. Suppose -15*d - 5*v = -10*d - 65, d - 5*v = -g. Let i(n) = -9*n + 7. Calculate the remainder when i(-6) is divided by d.
7
Suppose -28 + 8 = -4*r - 3*b, -5*r = 3*b - 22. Suppose -4 = 2*w, 0*w - r*w = -2*g + 80. Calculate the remainder when 87 is divided by g.
11
Suppose 17*c + 88 = 58*c - 35. Let v(o) = o**2 - o - 2. Calculate the remainder when v(-3) is divided by c.
1
Suppose -474*x + 128425 + 160200 = -91997. Calculate the remainder when x is divided by 175.
103
Let l = 12896 + -11345. What is the remainder when l is divided by 11?
0
Let u(f) = -29*f**2 + 7*f**3 - 6*f**3 + 13 + 36*f**2. What is the remainder when 34 is divided by u(-7)?
8
Let g = 116 + -83. Calculate the remainder when (-57)/(-114) + 3*g/2 is divided by 22.
6
Let p(n) = -6*n + 1. Let d be (-2)/12*6*(-232 - -1). Let l = 304 - d. Calculate the remainder when l is divided by p(-3).
16
What is the remainder when (931/1045*22)/(4/250) is divided by 112?
105
Calculate the remainder when 201/18 - (-13)/(-78) - -3117 is divided by 27.
23
Let l(z) = 2*z + 26. Let t be l(-8). Suppose 0 = 6*c - t*c - 236. Let f = c + 76. What is the remainder when 67 is divided by f?
16
Let z(c) = -c**3 - 72*c**2 + 449*c - 1339. Calculate the remainder when 627 is divided by z(-78).
55
Let b(d) = 11*d**2 + 5*d + 221. What is the remainder when 887 is divided by b(0)?
3
What is the remainder when -2 + (79*-40)/(-2) + 0/346 is divided by 86?
30
Suppose 0 = -2*x + 8*x - 564. Let j = -62 + x. Suppose 7*z = y + 2*z - j, 3*z = -5*y + 48. What is the remainder when y is divided by 7?
5
Suppose 44*z - 2774 = 14*z + 4246. Calculate the remainder when 3040 is divided by z.
232
Let t be (-4 + 166 + 0)*14/(-21). What is the remainder when 30 is divided by (6 - (-1 - 0)) + (t - -110)?
3
Let q(z) = -3849*z - 7685. What is the remainder when 141 is divided by q(-2)?
11
Let c = 119 - 133. Let z(a) = a**3 + 14*a**2 + 4*a + 17. Let n be z(c). Let y = n + 64. What is the remainder when y is divided by 7?
4
Suppose d - 373 = -3*d + 159. What is the remainder when 2124 is divided by d?
129
Let v(c) = 2*c**2 + 18*c - 2. What is the remainder when v(4) is divided by ((-45)/63)/(11/(-539))?
32
Let r(a) = -3*a**2 + 3*a + 4. Let f be r(2). What is the remainder when 105/3 + (f - 0) is divided by 11?
0
Suppose -19*b + 909 = -22*b. Let j = b + 519. Suppose -3*l + j = 3*z, -4*l + 352 = l + 3*z. Calculate the remainder when l is divided by 18.
14
Suppose 0*i + 8*i = 992. Let b = 210 - i. Calculate the remainder when b is divided by 24.
14
Let n = 1742 - 1400. What is the remainder when n is divided by 117?
108
Suppose 5*f + 4*n + 59 = 124, 0 = 4*f + 2*n - 58. Calculate the remainder when f is divided by 10.
7
Let m = -139 + 98. Let q = 39 + m. Calculate the remainder when (-17)/4*-14 - (-1)/q is divided by 21.
17
Suppose 4*m = 3*m + 180. What is the remainder when 162 is divided by 1226/30 + 24/m?
39
Let v = -48407 - -48420. Let t(q) = 4*q**2 + 2*q - 2. Let a be t(-2). Let p = 43 - a. Calculate the remainder when p is divided by v.
7
Suppose 5*i - 187 = -a, 4*i + 2*a = 3*i + 41. Suppose 2*d - 4*n - 336 = 0, 5*d - d + 3*n = 738. What is the remainder when d is divided by i?
32
Let u(t) = t**2 + 528*t + 8339. What is the remainder when 685 is divided by u(-16)?
97
Suppose 0 = 7*a + 5*a - 480. Let c = 32 + -13. What is the remainder when a is divided by c?
2
Let h = -15 + 206. Let c = -174 + h. Suppose -8*f + 145 = -3*f. Calculate the remainder when f is divided by c.
12
Suppose -15 = y - 0*p - 3*p, 5*y + p + 59 = 0. Let c be (y + -16)/(2/(-3)). Suppose -b = 3 - c. What is the remainder when b is divided by 8?
7
Let z(n) = 15*n**2 - 337*n + 191. Calculate the remainder when z(23) is divided by 4/6 + (-480)/(-9).
51
Suppose 3*u - 102 = 45. Suppose -3*z + u = g, 6*g = -3*z + 2*g + 43. Let n(r) = r**3 - 12*r**2 - 11*r + 5. Calculate the remainder when n(13) is divided by z.
14
Suppose -128*z + 1087 = -129*z. What is the remainder when z/(-7) + 16/(-56) is divided by 13?
12
Let w = 68 + -71. Calculate the remainder when 77 is divided by 5 + (-2 - -1*(10 - w)).
13
Let j = 8862 - 8387. What is the remainder when j is divided by 101?
71
Let c(g) = g**3 - 12*g**2 + 13*g - 19. Let w be c(11). Suppose 0*p - w*j = 5*p - 308, -j = 3*p - 184. What is the remainder when 115 is divided by p?
54
Suppose 22*g + 7810 = s + 20*g, -3*g + 15 = 0. What is the remainder when s is divided by 99?
98
Suppose 0 = 87*d - 82*d - 35. Suppose -d*q + 263 = 2*y - 12*q, -3*y + 400 = -2*q. What is the remainder when y is divided by (2 - 2) + (-5 - -2) - -26?
19
Let g(x) = x**3 - 24*x**2 + 5*x - 124. Let h be g(24). What is the remainder when 105 is divided by 24 + ((-6)/h)/((-16)/(-32))?
24
Suppose -r - 5*w + 186 = 0, 5*w = 2*r + w - 414. Suppose -6 - r = -9*j. Let h = 6 + j. Calculate the remainder when h is divided by 10.
9
Let l = -110 + 278. Suppose 9*j - l = 6*j. What is the remainder when j is divided by 12?
8
Let c(l) be the third derivative of -5/24*l**4 - 10*l**2 + 1/12*l**5 - 1/6*l**3 + 0*l + 0. What is the remainder when c(3) is divided by 10?
9
Calculate the remainder when (2 + 248)